{"id":32,"date":"2021-09-09T21:47:22","date_gmt":"2021-09-09T21:47:22","guid":{"rendered":"https:\/\/finavecapital.com\/?page_id=32"},"modified":"2021-10-14T21:01:14","modified_gmt":"2021-10-14T21:01:14","slug":"casos-de-exito","status":"publish","type":"page","link":"https:\/\/finavecapital.com\/index.php\/casos-de-exito\/","title":{"rendered":"Casos de \u00c9xito"},"content":{"rendered":"\t\t<div data-elementor-type=\"wp-page\" data-elementor-id=\"32\" class=\"elementor elementor-32\">\n\t\t\t\t\t\t<div class=\"elementor-inner\">\n\t\t\t\t<div class=\"elementor-section-wrap\">\n\t\t\t\t\t\t\t\t\t<section class=\"elementor-section elementor-top-section elementor-element elementor-element-3ad1f4a elementor-section-boxed elementor-section-height-default elementor-section-height-default\" data-id=\"3ad1f4a\" data-element_type=\"section\">\n\t\t\t\t\t\t<div class=\"elementor-container elementor-column-gap-default\">\n\t\t\t\t\t\t\t<div class=\"elementor-row\">\n\t\t\t\t\t<div class=\"elementor-column elementor-col-100 elementor-top-column elementor-element elementor-element-48f964c\" data-id=\"48f964c\" data-element_type=\"column\">\n\t\t\t<div class=\"elementor-column-wrap elementor-element-populated\">\n\t\t\t\t\t\t\t<div class=\"elementor-widget-wrap\">\n\t\t\t\t\t\t<div class=\"elementor-element elementor-element-95ba607 elementor-view-stacked elementor-shape-circle elementor-widget elementor-widget-icon\" data-id=\"95ba607\" data-element_type=\"widget\" data-settings=\"{&quot;ekit_we_effect_on&quot;:&quot;none&quot;}\" data-widget_type=\"icon.default\">\n\t\t\t\t<div class=\"elementor-widget-container\">\n\t\t\t\t\t<div class=\"elementor-icon-wrapper\">\n\t\t\t<div class=\"elementor-icon\">\n\t\t\t<i aria-hidden=\"true\" class=\"fas fa-medal\"><\/i>\t\t\t<\/div>\n\t\t<\/div>\n\t\t\t\t<\/div>\n\t\t\t\t<\/div>\n\t\t\t\t<div class=\"elementor-element elementor-element-c9f1743 elementor-widget elementor-widget-heading\" data-id=\"c9f1743\" data-element_type=\"widget\" data-settings=\"{&quot;ekit_we_effect_on&quot;:&quot;none&quot;}\" data-widget_type=\"heading.default\">\n\t\t\t\t<div class=\"elementor-widget-container\">\n\t\t\t<h2 class=\"elementor-heading-title elementor-size-default\">Casos de \u00e9xito<\/h2>\t\t<\/div>\n\t\t\t\t<\/div>\n\t\t\t\t<div class=\"elementor-element elementor-element-bf854bb elementor-widget elementor-widget-text-editor\" data-id=\"bf854bb\" data-element_type=\"widget\" data-settings=\"{&quot;ekit_we_effect_on&quot;:&quot;none&quot;}\" data-widget_type=\"text-editor.default\">\n\t\t\t\t<div class=\"elementor-widget-container\">\n\t\t\t\t\t\t\t\t<div class=\"elementor-text-editor elementor-clearfix\">\n\t\t\t\t<p>En Finave Capital nos enfocamos en lograr resultados efectivos brind\u00e1ndoles a nuestros clientes soluciones acordes a sus necesidades. Centralizados en empresas\u00a0 pertenecientes a los sectores de Tecnolog\u00eda, Servicios, Transporte y Construcci\u00f3n. No es casualidad que a nuestro forecast cada dia se suman compa\u00f1\u00edas que conf\u00edan y creen en nuestro modelo de trabajo. Ver los resultados obtenidos a lo largo de estos a\u00f1os nos llena de satisfacci\u00f3n al saber que estamos cumpliendo con nuestro prop\u00f3sito y estamos dejando una huella de calidad y confianza tanto en nuestros clientes como en el sector.<\/p>\t\t\t\t\t<\/div>\n\t\t\t\t\t\t<\/div>\n\t\t\t\t<\/div>\n\t\t\t\t\t\t<\/div>\n\t\t\t\t\t<\/div>\n\t\t<\/div>\n\t\t\t\t\t\t\t\t<\/div>\n\t\t\t\t\t<\/div>\n\t\t<\/section>\n\t\t\t\t\t\t\t\t\t<\/div>\n\t\t\t<\/div>\n\t\t\t\t\t<\/div>\n\t\t","protected":false},"excerpt":{"rendered":"<p>Casos de \u00e9xito En Finave Capital nos enfocamos en lograr resultados efectivos brind\u00e1ndoles a nuestros clientes soluciones acordes a sus necesidades. Centralizados en empresas\u00a0 pertenecientes a los sectores de Tecnolog\u00eda, Servicios, Transporte y Construcci\u00f3n. No es casualidad que a nuestro forecast cada dia se suman compa\u00f1\u00edas que conf\u00edan y creen en nuestro modelo de trabajo. &hellip;<\/p>\n<p class=\"read-more\"> <a class=\"\" href=\"https:\/\/finavecapital.com\/index.php\/casos-de-exito\/\"> <span class=\"screen-reader-text\">Casos de \u00c9xito<\/span> Leer m\u00e1s &raquo;<\/a><\/p>\n","protected":false},"author":1,"featured_media":0,"parent":0,"menu_order":0,"comment_status":"closed","ping_status":"closed","template":"","meta":{"_joinchat":[],"footnotes":""},"class_list":["post-32","page","type-page","status-publish","hentry"],"_links":{"self":[{"href":"https:\/\/finavecapital.com\/index.php\/wp-json\/wp\/v2\/pages\/32","targetHints":{"allow":["GET"]}}],"collection":[{"href":"https:\/\/finavecapital.com\/index.php\/wp-json\/wp\/v2\/pages"}],"about":[{"href":"https:\/\/finavecapital.com\/index.php\/wp-json\/wp\/v2\/types\/page"}],"author":[{"embeddable":true,"href":"https:\/\/finavecapital.com\/index.php\/wp-json\/wp\/v2\/users\/1"}],"replies":[{"embeddable":true,"href":"https:\/\/finavecapital.com\/index.php\/wp-json\/wp\/v2\/comments?post=32"}],"version-history":[{"count":14,"href":"https:\/\/finavecapital.com\/index.php\/wp-json\/wp\/v2\/pages\/32\/revisions"}],"predecessor-version":[{"id":368,"href":"https:\/\/finavecapital.com\/index.php\/wp-json\/wp\/v2\/pages\/32\/revisions\/368"}],"wp:attachment":[{"href":"https:\/\/finavecapital.com\/index.php\/wp-json\/wp\/v2\/media?parent=32"}],"curies":[{"name":"wp","href":"https:\/\/api.w.org\/{rel}","templated":true}]}}